{"id":594,"date":"2024-01-14T15:37:22","date_gmt":"2024-01-14T15:37:22","guid":{"rendered":"https:\/\/caldeiron.gal\/?page_id=594"},"modified":"2024-01-15T08:06:07","modified_gmt":"2024-01-15T08:06:07","slug":"coleccion-baleeiros","status":"publish","type":"page","link":"https:\/\/caldeiron.gal\/?page_id=594","title":{"rendered":"colecci\u00f3n Baleeiros"},"content":{"rendered":"\n<p>A colecci\u00f3n Baleeiros \u00e9 un espazo de difusi\u00f3n para a poes\u00eda feita na Costa da Morte, con especial atenci\u00f3n a autoras e autores noveis, as\u00ed como a obras que te\u00f1an un vencello directo co mar, a s\u00faa vida e as s\u00faas artes.<\/p>\n\n\n\n<p><strong>T\u00edtulos publicados<\/strong><\/p>\n\n\n\n<p>Francisco X. Fern\u00e1ndez Naval, <a href=\"https:\/\/caldeiron.gal\/?p=596\">Mar de Lira<\/a><br>Diego Cousillas, <a href=\"https:\/\/caldeiron.gal\/?p=555\">Expurgaci\u00f3ns<\/a><br>Paco de Tano, <a href=\"https:\/\/caldeiron.gal\/?p=558\">Rueiro<\/a><br>Xos\u00e9 Iglesias, <a href=\"https:\/\/caldeiron.gal\/?p=549\">Atl\u00e1ntico Norte, cham\u00e1deme Ismael<\/a><br>Xos\u00e9 Iglesias, <a href=\"https:\/\/caldeiron.gal\/?p=417\">A relixi\u00f3n do mar<\/a><br>Teresa Ramiro, <a href=\"https:\/\/caldeiron.gal\/?p=333\">Fundido a negro<\/a><br>Marta Dacosta, <a href=\"https:\/\/caldeiron.gal\/?p=288\">labirinto ou memoria<\/a><br>Eduardo Est\u00e9vez, <a href=\"https:\/\/caldeiron.gal\/?p=269\">de baleas<\/a><br>Seraf\u00edn Mourelle, <a href=\"https:\/\/caldeiron.gal\/?p=147\">Carapelas de sal e iodo<\/a><br>Xaime Trillo, <a href=\"https:\/\/caldeiron.gal\/?p=139\">Anatom\u00eda da Ira<\/a><br>Miguel Mato Fondo, <a href=\"https:\/\/caldeiron.gal\/?p=120\">Terra fr\u00eda<\/a><br>Xos\u00e9 Iglesias, <a href=\"https:\/\/caldeiron.gal\/?p=104\">Transfusi\u00f3n oce\u00e1nica<\/a><br>VVAA, <a href=\"https:\/\/caldeiron.gal\/?p=96\">Versus cianuro<\/a><br>Paco de Tano, <a href=\"https:\/\/caldeiron.gal\/?p=54\">Con sangue nos Beizos<\/a><br>Paco Souto, <a href=\"https:\/\/caldeiron.gal\/?p=51\">Crebar cristais coa lingua<\/a><br>Paco de Tano, <a href=\"https:\/\/caldeiron.gal\/?p=47\">Xanela ao B\u00edo<\/a><\/p>\n","protected":false},"excerpt":{"rendered":"<p>A colecci\u00f3n Baleeiros \u00e9 un espazo de difusi\u00f3n para a poes\u00eda feita na Costa da Morte, con especial atenci\u00f3n a autoras e autores noveis, as\u00ed como a obras que te\u00f1an&hellip;<\/p>\n","protected":false},"author":1,"featured_media":0,"parent":0,"menu_order":0,"comment_status":"closed","ping_status":"closed","template":"","meta":{"footnotes":""},"_links":{"self":[{"href":"https:\/\/caldeiron.gal\/index.php?rest_route=\/wp\/v2\/pages\/594"}],"collection":[{"href":"https:\/\/caldeiron.gal\/index.php?rest_route=\/wp\/v2\/pages"}],"about":[{"href":"https:\/\/caldeiron.gal\/index.php?rest_route=\/wp\/v2\/types\/page"}],"author":[{"embeddable":true,"href":"https:\/\/caldeiron.gal\/index.php?rest_route=\/wp\/v2\/users\/1"}],"replies":[{"embeddable":true,"href":"https:\/\/caldeiron.gal\/index.php?rest_route=%2Fwp%2Fv2%2Fcomments&post=594"}],"version-history":[{"count":4,"href":"https:\/\/caldeiron.gal\/index.php?rest_route=\/wp\/v2\/pages\/594\/revisions"}],"predecessor-version":[{"id":623,"href":"https:\/\/caldeiron.gal\/index.php?rest_route=\/wp\/v2\/pages\/594\/revisions\/623"}],"wp:attachment":[{"href":"https:\/\/caldeiron.gal\/index.php?rest_route=%2Fwp%2Fv2%2Fmedia&parent=594"}],"curies":[{"name":"wp","href":"https:\/\/api.w.org\/{rel}","templated":true}]}}

colección Baleeiros

<p>A colección Baleeiros é un espazo de difusión para a poesía feita na Costa da Morte, con especial atención a autoras e autores noveis, así como a obras que teñan un vencello directo co mar, a súa vida e as súas artes.</p>



<p><strong>Títulos publicados</strong></p>



<p>Francisco X. Fernández Naval, <a href="https://caldeiron.gal/?p=596">Mar de Lira</a><br>Diego Cousillas, <a href="https://caldeiron.gal/?p=555">Expurgacións</a><br>Paco de Tano, <a href="https://caldeiron.gal/?p=558">Rueiro</a><br>Xosé Iglesias, <a href="https://caldeiron.gal/?p=549">Atlántico Norte, chamádeme Ismael</a><br>Xosé Iglesias, <a href="https://caldeiron.gal/?p=417">A relixión do mar</a><br>Teresa Ramiro, <a href="https://caldeiron.gal/?p=333">Fundido a negro</a><br>Marta Dacosta, <a href="https://caldeiron.gal/?p=288">labirinto ou memoria</a><br>Eduardo Estévez, <a href="https://caldeiron.gal/?p=269">de baleas</a><br>Serafín Mourelle, <a href="https://caldeiron.gal/?p=147">Carapelas de sal e iodo</a><br>Xaime Trillo, <a href="https://caldeiron.gal/?p=139">Anatomía da Ira</a><br>Miguel Mato Fondo, <a href="https://caldeiron.gal/?p=120">Terra fría</a><br>Xosé Iglesias, <a href="https://caldeiron.gal/?p=104">Transfusión oceánica</a><br>VVAA, <a href="https://caldeiron.gal/?p=96">Versus cianuro</a><br>Paco de Tano, <a href="https://caldeiron.gal/?p=54">Con sangue nos Beizos</a><br>Paco Souto, <a href="https://caldeiron.gal/?p=51">Crebar cristais coa lingua</a><br>Paco de Tano, <a href="https://caldeiron.gal/?p=47">Xanela ao Bío</a></p>

<p>A colección Baleeiros é un espazo de difusión para a poesía feita na Costa da Morte, con especial atención a autoras e autores noveis, así como a obras que teñan&hellip;</p>
