{"id":438,"date":"2017-06-23T11:57:34","date_gmt":"2017-06-23T11:57:34","guid":{"rendered":"https:\/\/caldeiron.gal\/?page_id=9"},"modified":"2024-01-14T16:05:05","modified_gmt":"2024-01-14T16:05:05","slug":"distribucion","status":"publish","type":"page","link":"https:\/\/caldeiron.gal\/?page_id=438","title":{"rendered":"Distribuci\u00f3n"},"content":{"rendered":"<p>A distribuci\u00f3n oficial de Caldeir\u00f3n para Galiza<br \/>est\u00e1 nas mans de <a href=\"https:\/\/www.arnoia.com\/portada.php\">Arnoia<\/a><\/p>\n<p>Se tes algunha d\u00fabida ou pregunta <br \/>podes contactar directamente connosco en:<\/p>\n<p>editorialcaldeiron [arroba] gmail [punto] com<\/p>\n\n\n<p><\/p>\n","protected":false},"excerpt":{"rendered":"<p>A distribuci\u00f3n oficial de Caldeir\u00f3n para Galizaest\u00e1 nas mans de Arnoia Se tes algunha d\u00fabida ou pregunta podes contactar directamente connosco en: editorialcaldeiron [arroba] gmail [punto] com<\/p>\n","protected":false},"author":1,"featured_media":0,"parent":0,"menu_order":0,"comment_status":"closed","ping_status":"closed","template":"","meta":{"footnotes":""},"_links":{"self":[{"href":"https:\/\/caldeiron.gal\/index.php?rest_route=\/wp\/v2\/pages\/438"}],"collection":[{"href":"https:\/\/caldeiron.gal\/index.php?rest_route=\/wp\/v2\/pages"}],"about":[{"href":"https:\/\/caldeiron.gal\/index.php?rest_route=\/wp\/v2\/types\/page"}],"author":[{"embeddable":true,"href":"https:\/\/caldeiron.gal\/index.php?rest_route=\/wp\/v2\/users\/1"}],"replies":[{"embeddable":true,"href":"https:\/\/caldeiron.gal\/index.php?rest_route=%2Fwp%2Fv2%2Fcomments&post=438"}],"version-history":[{"count":1,"href":"https:\/\/caldeiron.gal\/index.php?rest_route=\/wp\/v2\/pages\/438\/revisions"}],"predecessor-version":[{"id":619,"href":"https:\/\/caldeiron.gal\/index.php?rest_route=\/wp\/v2\/pages\/438\/revisions\/619"}],"wp:attachment":[{"href":"https:\/\/caldeiron.gal\/index.php?rest_route=%2Fwp%2Fv2%2Fmedia&parent=438"}],"curies":[{"name":"wp","href":"https:\/\/api.w.org\/{rel}","templated":true}]}}