{"id":241,"date":"2017-09-01T12:51:56","date_gmt":"2017-09-01T12:51:56","guid":{"rendered":"https:\/\/caldeiron.gal\/?page_id=241"},"modified":"2024-07-12T17:36:09","modified_gmt":"2024-07-12T17:36:09","slug":"premio-illas-sisargas","status":"publish","type":"page","link":"https:\/\/caldeiron.gal\/?page_id=241","title":{"rendered":"Premio Illas Sisargas"},"content":{"rendered":"\n<figure class=\"wp-block-image size-full\"><img loading=\"lazy\" decoding=\"async\" width=\"826\" height=\"272\" src=\"https:\/\/caldeiron.gal\/wp-content\/uploads\/2024\/07\/banner_premio_24.jpg\" alt=\"\" class=\"wp-image-628\" srcset=\"https:\/\/caldeiron.gal\/wp-content\/uploads\/2024\/07\/banner_premio_24.jpg 826w, https:\/\/caldeiron.gal\/wp-content\/uploads\/2024\/07\/banner_premio_24-300x99.jpg 300w, https:\/\/caldeiron.gal\/wp-content\/uploads\/2024\/07\/banner_premio_24-768x253.jpg 768w\" sizes=\"(max-width: 826px) 100vw, 826px\" \/><\/figure>\n\n\n\n<p class=\"has-text-align-center\">[<a href=\"https:\/\/caldeiron.gal\/wp-content\/uploads\/2024\/07\/premio_llas_sisargas_2024.pdf\">Descargar en formato PDF<\/a>]<\/p>\n\n\n\n<p>Dando continuidade ao que xa \u00e9 unha tradici\u00f3n na convocatoria po\u00e9tica en lingua galega, a Asociaci\u00f3n Cultural Caldeir\u00f3n coa colaboraci\u00f3n do Concello de Malpica de Berganti\u00f1os convoca o<\/p>\n\n\n\n<p class=\"has-text-align-center\"><strong>XIX Certame de Poes\u00eda Er\u00f3tica Illas Sisargas<\/strong><\/p>\n\n\n\n<p>de acordo coas seguintes<\/p>\n\n\n\n<p class=\"has-text-align-center\"><strong>BASES<\/strong><\/p>\n\n\n\n<p><strong>1)<\/strong> Poder\u00e1n optar ao premio todos os autores e autoras de calquera nacionalidade que presenten <strong>un libro de poes\u00eda in\u00e9dito de tem\u00e1tica er\u00f3tica<\/strong> non premiado con anterioridade e escrito en lingua galega, en calquera das s\u00faas normativas reco\u00f1ecidas.<\/p>\n\n\n\n<p><strong>2)<\/strong> Establ\u00e9cese un premio \u00fanico de <strong>1.500 \u20ac<\/strong> (suxeitos \u00e1s retenci\u00f3ns correspondentes) e a <strong>publicaci\u00f3n da 1\u00aa edici\u00f3n da obra<\/strong> na colecci\u00f3n Illas Sisargas da Editorial Caldeir\u00f3n. Esta edici\u00f3n constar\u00e1 de 400 exemplares. Os dereitos de autor\u00eda desta primeira edici\u00f3n consid\u00e9ranse cubertos pola cont\u00eda do premio. Por\u00e9n, entregaranse en compensaci\u00f3n \u00e1 persoa ga\u00f1adora 15 exemplares da obra. Editorial Caldeir\u00f3n res\u00e9r\u00advase o dereito de edici\u00f3n da obra por un prazo de dezaoito meses.<\/p>\n\n\n\n<p><strong>3)<\/strong> <strong>Os textos enviaranse por correo electr\u00f3nico en formato PDF<\/strong> ao enderezo seguinte<\/p>\n\n\n\n<p class=\"has-text-align-center\"><strong>premio@caldeiron.gal<\/strong><\/p>\n\n\n\n<p>Na mensaxe incluiranse dous arquivos, un coa obra e outro coa plica. O arquivo da obra non incluir\u00e1 ningunha referencia ao autor ou autora. No da plica indicarase o t\u00edtulo da obra, o nome completo do autor ou autora, documento identificativo, e todos os datos de contacto.<\/p>\n\n\n\n<p><strong>4)<\/strong> O prazo de admisi\u00f3n de orixinais remata o domingo <strong>15 de setembro de 2024<\/strong> \u00e1 medianoite.<\/p>\n\n\n\n<p><strong>5)<\/strong> O xurado estar\u00e1 composto por tres persoas: unha a proposta do Alcalde-Presidente do Concello de Malpica de Berganti\u00f1os, outra a proposta da A.C. Caldeir\u00f3n e o ga\u00f1ador ou ga\u00f1adora da edici\u00f3n inmediatamente anterior do certame ou, de non ser posible, outra persoa de relevancia no sistema literario. Actuar\u00e1 como Secretario o membro do xurado proposto polo Concello de Malpica ou, no seu defecto, quen designe a A.C. Caldeir\u00f3n. O xurado decidir\u00e1 sobre calquera extremo non contemplado nestas bases e <strong>a s\u00faa decisi\u00f3n ser\u00e1 inapelable<\/strong>.<\/p>\n\n\n\n<p><strong>6)<\/strong> As persoas participantes ter\u00e1n a obriga de comunicar \u00e1 organizaci\u00f3n a concesi\u00f3n de calquera premio que obte\u00f1a a obra presentada, no mo\u00admento en que esta situaci\u00f3n se produza, o que dar\u00e1 lugar \u00e1 s\u00faa ex\u00adclu\u00adsi\u00f3n do concurso.<\/p>\n\n\n\n<p>O xurado actuar\u00e1 en pleno, a ser posible en sesi\u00f3n \u00fanica, requir\u00edndose a asistencia de dous dos seus membros como m\u00ednimo. As deliberaci\u00f3ns ser\u00e1n secre\u00adtas e delas redactarase a acta correspondente. O premio poder\u00e1 ser declarado deserto ou compartido &#8220;ex-aequo&#8221; por varios autores e\/ou au\u00adto\u00adras, se o xurado o estima oportuno. A decisi\u00f3n do xurado ter\u00e1 lu\u00adgar no mes de novembro de 2024 e darase a co\u00f1ecer no marco da Cea das Letras. A continuaci\u00f3n, darase a co\u00f1ecer a informaci\u00f3n aos medios de prensa.<\/p>\n\n\n\n<p><strong>7)<\/strong> Non se manter\u00e1 correspondencia sobre as obras presentadas.<\/p>\n\n\n\n<p><strong>8)<\/strong> A participaci\u00f3n nesta convocatoria sup\u00f3n a total aceptaci\u00f3n destas bases.<\/p>\n","protected":false},"excerpt":{"rendered":"<p>[Descargar en formato PDF] Dando continuidade ao que xa \u00e9 unha tradici\u00f3n na convocatoria po\u00e9tica en lingua galega, a Asociaci\u00f3n Cultural Caldeir\u00f3n coa colaboraci\u00f3n do Concello de Malpica de Berganti\u00f1os&hellip;<\/p>\n","protected":false},"author":1,"featured_media":0,"parent":0,"menu_order":0,"comment_status":"closed","ping_status":"closed","template":"","meta":{"footnotes":""},"_links":{"self":[{"href":"https:\/\/caldeiron.gal\/index.php?rest_route=\/wp\/v2\/pages\/241"}],"collection":[{"href":"https:\/\/caldeiron.gal\/index.php?rest_route=\/wp\/v2\/pages"}],"about":[{"href":"https:\/\/caldeiron.gal\/index.php?rest_route=\/wp\/v2\/types\/page"}],"author":[{"embeddable":true,"href":"https:\/\/caldeiron.gal\/index.php?rest_route=\/wp\/v2\/users\/1"}],"replies":[{"embeddable":true,"href":"https:\/\/caldeiron.gal\/index.php?rest_route=%2Fwp%2Fv2%2Fcomments&post=241"}],"version-history":[{"count":7,"href":"https:\/\/caldeiron.gal\/index.php?rest_route=\/wp\/v2\/pages\/241\/revisions"}],"predecessor-version":[{"id":631,"href":"https:\/\/caldeiron.gal\/index.php?rest_route=\/wp\/v2\/pages\/241\/revisions\/631"}],"wp:attachment":[{"href":"https:\/\/caldeiron.gal\/index.php?rest_route=%2Fwp%2Fv2%2Fmedia&parent=241"}],"curies":[{"name":"wp","href":"https:\/\/api.w.org\/{rel}","templated":true}]}}

<figure class="wp-block-image size-full"><img loading="lazy" decoding="async" width="826" height="272" src="https://caldeiron.gal/wp-content/uploads/2024/07/banner_premio_24.jpg" alt="" class="wp-image-628" srcset="https://caldeiron.gal/wp-content/uploads/2024/07/banner_premio_24.jpg 826w, https://caldeiron.gal/wp-content/uploads/2024/07/banner_premio_24-300x99.jpg 300w, https://caldeiron.gal/wp-content/uploads/2024/07/banner_premio_24-768x253.jpg 768w" sizes="(max-width: 826px) 100vw, 826px" /></figure>



<p class="has-text-align-center">[<a href="https://caldeiron.gal/wp-content/uploads/2024/07/premio_llas_sisargas_2024.pdf">Descargar en formato PDF</a>]</p>



<p>Dando continuidade ao que xa é unha tradición na convocatoria poética en lingua galega, a Asociación Cultural Caldeirón coa colaboración do Concello de Malpica de Bergantiños convoca o</p>



<p class="has-text-align-center"><strong>XIX Certame de Poesía Erótica Illas Sisargas</strong></p>



<p>de acordo coas seguintes</p>



<p class="has-text-align-center"><strong>BASES</strong></p>



<p><strong>1)</strong> Poderán optar ao premio todos os autores e autoras de calquera nacionalidade que presenten <strong>un libro de poesía inédito de temática erótica</strong> non premiado con anterioridade e escrito en lingua galega, en calquera das súas normativas recoñecidas.</p>



<p><strong>2)</strong> Establécese un premio único de <strong>1.500 €</strong> (suxeitos ás retencións correspondentes) e a <strong>publicación da 1ª edición da obra</strong> na colección Illas Sisargas da Editorial Caldeirón. Esta edición constará de 400 exemplares. Os dereitos de autoría desta primeira edición considéranse cubertos pola contía do premio. Porén, entregaranse en compensación á persoa gañadora 15 exemplares da obra. Editorial Caldeirón resér­vase o dereito de edición da obra por un prazo de dezaoito meses.</p>



<p><strong>3)</strong> <strong>Os textos enviaranse por correo electrónico en formato PDF</strong> ao enderezo seguinte</p>



<p class="has-text-align-center"><strong>premio@caldeiron.gal</strong></p>



<p>Na mensaxe incluiranse dous arquivos, un coa obra e outro coa plica. O arquivo da obra non incluirá ningunha referencia ao autor ou autora. No da plica indicarase o título da obra, o nome completo do autor ou autora, documento identificativo, e todos os datos de contacto.</p>



<p><strong>4)</strong> O prazo de admisión de orixinais remata o domingo <strong>15 de setembro de 2024</strong> á medianoite.</p>



<p><strong>5)</strong> O xurado estará composto por tres persoas: unha a proposta do Alcalde-Presidente do Concello de Malpica de Bergantiños, outra a proposta da A.C. Caldeirón e o gañador ou gañadora da edición inmediatamente anterior do certame ou, de non ser posible, outra persoa de relevancia no sistema literario. Actuará como Secretario o membro do xurado proposto polo Concello de Malpica ou, no seu defecto, quen designe a A.C. Caldeirón. O xurado decidirá sobre calquera extremo non contemplado nestas bases e <strong>a súa decisión será inapelable</strong>.</p>



<p><strong>6)</strong> As persoas participantes terán a obriga de comunicar á organización a concesión de calquera premio que obteña a obra presentada, no mo­mento en que esta situación se produza, o que dará lugar á súa ex­clu­sión do concurso.</p>



<p>O xurado actuará en pleno, a ser posible en sesión única, requiríndose a asistencia de dous dos seus membros como mínimo. As deliberacións serán secre­tas e delas redactarase a acta correspondente. O premio poderá ser declarado deserto ou compartido &#8220;ex-aequo&#8221; por varios autores e/ou au­to­ras, se o xurado o estima oportuno. A decisión do xurado terá lu­gar no mes de novembro de 2024 e darase a coñecer no marco da Cea das Letras. A continuación, darase a coñecer a información aos medios de prensa.</p>



<p><strong>7)</strong> Non se manterá correspondencia sobre as obras presentadas.</p>



<p><strong>8)</strong> A participación nesta convocatoria supón a total aceptación destas bases.</p>

<p>[Descargar en formato PDF] Dando continuidade ao que xa é unha tradición na convocatoria poética en lingua galega, a Asociación Cultural Caldeirón coa colaboración do Concello de Malpica de Bergantiños&hellip;</p>
